at is the value of (-5 - -8) + 1 - 3?
1
What is (-33 - (-11 + 1)) + 19?
-4
(63 + -26 - 23) + -15
-1
Calculate -5 + (33 - 12 - 7).
9
What is the value of -21 + 21 + -5 + -4 + 0 + 2?
-7
-5 - ((5 - -22 - 10) + -4 + -10)
-8
Calculate -2 + (-20 - 0) - (131 - 135).
-18
What is (4 - (-4 + 4 - -6)) + -6 + -15?
-23
Evaluate -33 - 9 - (-94 - -19).
33
What is the value of -51 + 12 + 27 - 8?
-20
Evaluate (1 - 2) + -19 + (-171 - -174).
-17
What is 0 - (5 + -13 + -7 + 12 + -12)?
15
Evaluate -52 - (-31 + -26) - (6 + 1 - 2).
0
0 + -14 + (-5 + -36 - -51)
-4
Calculate 2 + 2 - (25 - 36).
15
295 + -311 - (-4 - 4)
-8
Evaluate 3 + 1 + 1 + (-6 - -3).
2
What is 1 - (-6 - 0) - ((10 - -13) + -14)?
-2
What is the value of 3 + 2 - (1 + -2 - (2 + 1))?
9
What is -5 + (1 + (0 - (-4 + 8)) - -11)?
3
What is the value of (-86 - -81) + 8 + -4?
-1
Evaluate -32 - (-59 - -37) - (2 - -3).
-15
What is (-25 - -9 - 8) + 10 + -1?
-15
What is the value of (-57 - -31 - -27) + -26?
-25
Evaluate ((39 - 19) + -6 - -5) + 18.
37
Evaluate 0 + (-7 - -11) + -1 + 2 + 2.
7
What is 47 - ((62 - 8) + -31)?
24
Evaluate (-163 + 151 - (1 - -1)) + -2.
-16
What is the value of -15 + (4 - (9 + 1 + -7 - -2))?
-16
What is the value of -43 - (-9 + -5) - -9?
-20
What is the value of (-1 + 0 + 20 - (627 - 628)) + -3?
17
-17 + 6 - 4 - -16
1
Calculate -19 + (44 - 9) + -16 + (-2 - -2).
0
Calculate (-3 - -42) + (235 - 240).
34
Calculate (18 - (-1 + 8 - -6)) + (6 - -1).
12
Calculate -4 + (1 - -23) + -4 + -6.
10
Calculate (-11 + 14 - (-1 - 2)) + -18.
-12
(-5 - (-20 + -7 + 4 - -2)) + -5
11
7 - (-12 - -22 - 7)
4
What is the value of 33 + (-19 - -3) - (-17 + 8)?
26
Calculate 16 - 1 - (-91 + 94).
12
What is -6 + 1 + -16 + (43 - 20)?
2
What is -12 + 11 - 4 - (12 - 2)?
-15
(-51 - -30) + 34 + 2 + 0
15
(17 - (1 - (-4 - -4))) + (-21 - -21)
16
What is (-10 - -3) + 4 + (-3 - (-6 + -5))?
5
(-12 - (-4 + 2) - -1) + (422 - 430)
-17
Calculate -21 + (80 + -21 - 21).
17
What is the value of -4 + -1 + -13 + 36 + -1?
17
-28 - (3 + -13 + 10 + -13)
-15
Evaluate -11 + (-23 - (8 + -11)) + 2.
-29
(-2 - -35) + 21 + -35 - -3
22
Calculate -2 + -1 - (-1 - (4 + -13 + 2)).
-9
1 - (31 - 38) - (1 + 3 + 13)
-9
What is the value of (-8 - (-4 - 8)) + (-3 - -4) + -16?
-11
Calculate 32 - (9 - 0 - -3 - 3).
23
What is (-35 - -9) + 21 - (4 - -1)?
-10
Evaluate -1 + (-1 + -4 - 2) - (-2 + -19).
13
Evaluate (11 - 12 - 1) + (6 - 6) + 0.
-2
(42 - 17) + -43 + 11
-7
What is 0 - -25 - (22 + -51 + (18 - -2))?
34
What is the value of -83 + 91 + (2 - 1)?
9
What is the value of -8 + -2 + 4 + 22 + -24?
-8
What is -34 + 7 - 14 - -35?
-6
What is the value of -21 - (-9 + (-8 - 16))?
12
Evaluate 19 - 20 - (-3 + (-2 - (4 + -3))).
5
Calculate (8 - 11) + 2 + 0 + -47 + 42.
-6
Calculate -28 + (44 + -24 - -13).
5
Calculate -25 - (-12 + -14 + -14).
15
What is the value of 12 - (-4 + 15) - -9 - (-19 - -4)?
25
Evaluate (6 - 1) + -1 - (204 - 198).
-2
Evaluate 10 - (8 - (14 - 9)) - -3.
10
Evaluate (-2 - 1) + (-33 - -29) - -8.
1
(23 - -5) + -4 - -2
26
-114 + 112 - (-2 - (2 + 0))
2
What is the value of (14 + -3 - 27) + (8 - 3)?
-11
Calculate -6 + 6 + 5 + -7 + 4.
2
Calculate -19 + -11 - (-8 - (-7 + 15 - 8)).
-22
What is the value of -4173 + 4158 - (1 + -13 - 1)?
-2
Calculate 1 + 0 - (6 + (-24 - (9 + -16))).
12
What is the value of -2 + 10 + -3 + -2 - (1 + 3)?
-1
What is the value of 5 + 0 - (72 - (68 - 12))?
-11
Calculate -303 - -307 - (-2 + 5 + 0 + 2).
-1
(14 - 20) + -1 + 1 - (0 + -1)
-5
Calculate (-95 - -84) + (1 - (-2 - 2)) + 4.
-2
Calculate (-1 - 0) + 22 + (6 - (5 - -9)).
13
(2 + 5 + 21 - 11) + -1 + 10
26
Evaluate -21 - (-3 + 9 + -14 + 24 + -11).
-26
What is -12 + 33 + -21 + 2 + -5?
-3
5 + (-5 - (-8 - (3 + -1 + -7)))
3
Calculate -6 - ((34 - ((8 - -4) + -7)) + -11).
-24
What is -1 + (-34 - -38 - (-6 - (3 - 4)))?
8
What is the value of 0 + 4 + 5 - (0 - 3 - -23)?
-11
Calculate 11 + -8 - (2 - -5 - 2).
-2
What is the value of -1 + 0 + 2 + 0 + -5 + 36?
32
Calculate -40 - (26 + -47) - (-11 + 1 + -1).
-8
1 + -16 - (5 + -10 + -4 + 7)
-13
Calculate -13 - (4 - (-4 - -15 - -3)).
-3
Calculate 0 + 2 + 5 + (69 - 69).
7
Calculate (4 - (7 - 12)) + -16.
-7
What is the value of -42 + 46 + -15 - -49?
38
-10 + 13 + (-3 - -2) - -9
11
-4 + -1 - (-8 - (-10 + -7 + 4))
-10
What is 2 + (2 + (1 - -5) - 13)?
-3
Evaluate -23 + -3 + 30 - (2 + 6).
-4
What is the value of 20 + (-3 - 7) - 19?
-9
5 + -3 + (-15 + 6 - -3) + 7
3
What is the value of 11 - (0 + -1 + (3 - 0 - 10))?
19
13 - 6 - 4 - -1 - (6 + -4)
2
(-8 - -8 - -3) + -3 - 8
-8
Calculate 2 + -3 + (-12 - -30) + (-4 - 0).
13
What is the value of 6 - (5 + (-10 - -5) + 6)?
0
29 - (17 + 15) - (-2 - 11)
10
17 + -29 + 18 - ((-7 - 3) + 1)
15
Evaluate -63 - -57 - (2 + 0 + (-12 - 3)).
7
Evaluate 18 - 2 - (-108 - -116) - 30.
-22
What is 33 + -13 + 7 + -32?
-5
What is the value of -5 - -20 - (-67 + 68 + (-3 - 0))?
17
Evaluate 6 - ((-15 - -4) + 10) - (8 - 1).
0
What is 4 + (-12 + (12 - 7) - (-6 + 2))?
1
Evaluate -8 + 3 + (0 + -4 - -8).
-1
What is (-34 - 15) + 15 + 23 + 1 + -23?
-33
Calculate -4 + (49 - 50) + (8 - 2) + -23.
-22
What is the value of (1 - 2) + 12 + -38?
-27
Evaluate 20 + (-18 - (0 + -2 - 13)).
17
What is -5 + (32 - (5 - -17)) + (0 - -7)?
12
Calculate 28 + -34 + (37 - 18).
13
What is 1 + 6 + (-6 - 11) + 11?
1
(7 - (13 - 4)) + (9 + 3 - 0)
10
Evaluate -4 - (32 + -10 - 23).
-3
Calculate -4 + 12 + 313 + -302.
19
1 - -8 - (7 + 3)
-1
What is (0 + -1 - (14 - (31 - 18))) + 2?
0
(11 + -17 - -26) + -14
6
Calculate (-2 - (-9 - -1) - -4) + -33 + 2.
-21
Calculate -3 - -18 - (-12 + 16 + -1).
12
Calculate 7 + (16 - 3) + 1 + -1.
20
Calculate -13 + 3 + 7 + 4 + -2.
-1
Evaluate -15 + 17 + (-2 - -14 - (-5 - -8)).
11
What is the value of -22 - (-6 + 11 + (16 - 23))?
-20
Calculate -5 - (-15 + (-12 - -2)) - (-6 + 0).
26
Evaluate 2 - 2 - (121 - 117).
-4
Calculate 3 + (7 - (-3 - (-8 + 6))).
11
What is -23 + (5 - (5 - 8))?
-15
Calculate -13 - (0 + 0 + 1) - (-592 + 589).
-11
What is 12 + (8 - (33 - -1)) - 17?
-31
Evaluate (-226 - -213) + (1 - (2 + -1 + -7)).
-6
What is 3 + (21 + -8 - 20)?
-4
What is the value of -10 + -15 + (-1 - -37)?
11
What is 6 - 7 - ((-1 - 0) + 5 + -5)?
0
What is the value of -15 + 4 + (12 - 13)?
-12
What is the value of -6 - (12 + (-5 - (12 + -10)) + 8)?
-19
What is the value of -15 + (35 - 27) + -1 + 0 + 30?
22
What is the value of 28 + 6 - 11 - 8?
15
What is 42 - 33 - 7 - -8?
10
Calculate -11 - (-28 - ((-67 - -73) + 1 + -10)).
14
Calculate 51 - (-26 - (-34 + -19)).
24
(0 + 3 - -12) + 79 + -87
7
What is the value of 44 + -15 + -7 + -11?
11
-5 + (7 + 9 - 6) + (-2 - 16)
-13
-1 + 0 - -23 - (0 + 31 + -20)
11
(27 + -5 - 37) + 34
19
Evaluate (-4 - (2 + 3)) + (-10 - -7) + 8.
-4
Calculate -10 + (2 + -4 - (5 + 3 - 12)).
-8
Calculate -10 - (-39 + (8 - 7) - -11).
17
Evaluate (11 - 22) + 0 + -6 - 1.
-18
Evaluate (28 - -5 - 30) + -11.
-8
-15 - (-8 + 5 + 4 + 4)
-20
What is the value of -3 + 3 + 2 + (3 - -5) + -2?
8
What is -3 - ((4 + -10 - -5) + -10)?
8
What is -21 + (-3 + -2 + 11 - -3)?
-12
What is -28 + 50 + (-4 - -8)?
26
What is 0 - (7 - ((-1 - (8 + -2)) + 10))?
-4
Evaluate -7 + 2 - -5 - (-1 - (-2 + -5)).
-6
What is (-10 - -19) + -2 + 5 - 31?
-19
Evaluate -35 - (-24 + 0) - -9.
-2
15 - ((-30 - -8) + 24 + -4 + 0)
17
Calculate (5 - 1 - (39 - 33)) + 10.
8
What is 226 + -260 + ((2 - -1) + 1 - -1)?
-29
-31 - -38 - (-11 + -1 - (-4 + 1))
16
Evaluate -1 + -70 + 79 + 10 + -2.
16
Calculate (4 - (2 - 2)) + -233 + 231.
2
(-33 - 0) + -852 + 901
16
Calculate -37 + -15 + 33 - -49.
30
23 + -12 - 15 - 9
-13
What is the value of 15 + (16 - 25) - (-10 + 1)?
15
What is 1 + -2 + -3 - ((-64 - -69) + -17)?
8
Evaluate (35 - (32 + -13)) + -44.
-28
Evaluate 6 + -1 + 0 + -1 + (0 - 14).
-10
Evaluate -19 + (0 - -7 - (-3 + 0)) - -15.
6
Evaluate 0 + (7 - 1) - (-730 + 756).
-20
Calculate 7 + (-3 + 9 - 2) + -5.
6
What is the value of (0 - -7) + -39 + (-17 + 41 - 0)?
-8
-6 + 0 + (-26 - -45)
13
What is the value of (25 - 18) + 2 + 1 + 0?
10
What is the value of (8 - 14) + (10 - -10)?
14
What is the value of -5 + (-8 - (-16 - 5))?
8
What is the value of 1 + -2 + -18 + -4 + -2?
-25
-13 + 5 + -11 + 1 + (3 - 2)
-17
Calculate -30 - (-5 + (-6 + -7 - -5)).
-17
7 - (1 + -1) - ((-55 - -30) + 32)
0
Calculate 9 + 34 + -28 - 23.
-8
What is (126 - 148) + (-2 - -3 - -1) + 5?
-15
-14 + 2 + -1 - (-10 + 28 + -16)
-15
Evalua